 (8 + -6 - (6 - 4))?
-3
Calculate (3 - -1) + (9 + -15 - -7).
5
Calculate -11 + (10 + 9 - 10 - (5 + 1)).
-8
Calculate -20 - (-26 - -33 - (2 + (-10 - -4))).
-31
What is 5 + -13 - (10 - 7)?
-11
What is (-4 - (2 + 5)) + 14?
3
Evaluate (-4 - (-17 + 1)) + -13 + 12 + -4.
7
Evaluate 1 + (-2 - 1 - (4 - (10 + -7))).
-3
What is -6 + (1 - (-12 - 11))?
18
Calculate 12 + -6 - (-20 - (16 + -18)).
24
Calculate (4 - 23) + (8 - -3).
-8
What is the value of 19 + -52 + 28 + 26?
21
Calculate 33 + -10 + -31 + (1 - -13).
6
Calculate (-28 - -26 - (0 + 0 + -2)) + 19.
19
Evaluate (0 + 1 - 8) + (-380 - -394) + 10.
17
Evaluate 4 - 5 - ((-4 - -1) + -4).
6
Evaluate (51 + -43 - 18) + 43.
33
What is -12 + (-1 - 8 - -6) + 13?
-2
Evaluate 0 - 1 - -8 - (2 + 4 - 2).
3
Calculate (37 - (27 + 9)) + 1 + -2 + 1.
1
What is (4 - -2) + -5 + -4 - 5?
-8
What is the value of (571 - 553) + 0 + -15?
3
2 - (-3 - 7) - 5
7
-6 - ((6 - (6 + (-1 - -4))) + 8)
-11
Evaluate 53 - ((-8 - -13) + 28).
20
Calculate -3 - ((-9 - -18 - 4) + -7 + 0).
-1
What is the value of (-2 - -14) + -10 + 6 - -26?
34
Calculate 0 + -1 + 6 + (3 - 1).
7
Evaluate -15 - (-9 - ((-2 - 5) + 5) - -7).
-15
Calculate -3 - (-1 + -9 + (22 - 21) - -38).
-32
Calculate -15 + (10 - (18 + -11)).
-12
What is -3 + (21 + -8 - -10)?
20
What is -9 + 4 - -5 - (-52 - (-21 + 3))?
34
What is the value of -22 - (-15 - -23 - 53)?
23
What is the value of 30 - 32 - -43 - 33?
8
Calculate -910 - -925 - (8 - 0).
7
6 + 4 + -13 + 9 + 4
10
Calculate -3 - (-9 + 1 + 5) - (-3 - -7).
-4
What is the value of (-19 - (-24 - -5)) + (-1 - 0)?
-1
-19 + 10 + (14 - 10) - 2
-7
Evaluate -9 + -5 + 29 + -14 + 9.
10
1 + (10 - -3) - -8 - 9
13
Calculate 9 - (32 + -10 + -6).
-7
Calculate 14 - (4 - ((7 - 2) + 29 + -25)).
19
17 + 2 - ((7 - -23) + -28)
17
Calculate -7 - (-1 - -1 - 0) - (66 - 75).
2
What is the value of 11 + (-21 - (5 - 11)) + 6?
2
What is (5 - (-5 + 3 - -3)) + -7?
-3
Evaluate -20 - 1 - -34 - (-22 + 9).
26
Calculate 16 - (0 + -2 - (-6 + 1 + -2)).
11
Calculate 8 + (4 - ((-10 - -18) + -8 - -1)).
11
Calculate -8 - (-4 + 4 + 8 + -6).
-10
What is the value of (-16 - -1) + -2 + 9 + -1 - -1?
-8
((3 - 0) + 13 - 0) + 18
34
Evaluate (-4 - (-7 + -2)) + (-18 - -1).
-12
What is the value of 0 + 0 + (-32 + -6 - -17)?
-21
What is -30 + (34 - 0) + (1 - -3)?
8
What is the value of 23 + -8 + -6 + 10?
19
Calculate -37 + (16 - -4 - 30 - -20).
-27
Evaluate (-235 - -220) + 12 + -1 + 7.
3
Calculate -20 - ((12 - 8) + -10 + 11 + -9).
-16
What is the value of 7 + -2 + 4 + -14?
-5
-34 + 0 + 1833 + -1815
-16
Evaluate (-1 + 1 - 2) + (290 - 279).
9
What is the value of 10 - (1 - (13 + -5))?
17
26 + -27 - (13 + -2)
-12
What is 0 + 2 + -14 + 137 + -132?
-7
-17 + -30 + 14 - (-2 - 0)
-31
Calculate 7 + -40 + -16 + 36.
-13
Evaluate -1 + (-20 - -13) - (0 + -14).
6
Calculate 3 - (7 + -2) - (1 + -4 + 1).
0
Calculate 247 + -240 + (-2 - 1).
4
What is (0 - (9 + -16 - -6)) + -2 - 11?
-12
What is the value of 8 - (11 + -6 - 8 - -19)?
-8
What is the value of (72 - 101) + (10 - -49)?
30
What is the value of -29 + (10 - -10) - 3?
-12
What is the value of -21 - (11 + -27) - 6?
-11
What is the value of 15 + (-3 + 37 + -41 - (1 + 3))?
4
What is the value of (3 + 1 - (-25 - -24)) + -6 - 25?
-26
Evaluate 36 + 54 + -92 + 12 + -1.
9
Evaluate (0 - 40 - -8) + -2 + 9.
-25
Evaluate -5 - 1 - (164 + -174).
4
Calculate (-2 - -2) + -30 + -24 + 33.
-21
What is -24 + -11 + 39 - (-11 + 2 + -1)?
14
What is (7 - (8 + -9 + 8)) + -2 + 5?
3
-9 + -14 + 12 + -3 + 14
0
(3 - (1 + -4)) + -2 + -9 + 11
6
What is the value of -7 - (31 - -1 - 27)?
-12
Calculate -7 + (21 - (4 + 18)).
-8
Calculate 134 - 136 - (8 - 1 - (2 - 1)).
-8
-9 + 8 + -7 + 4
-4
Evaluate (22 - 9) + -1 + -17.
-5
Calculate (1 - 1) + 0 + -2 - -2.
0
Calculate -38 + 20 + (-1 - -21).
2
Evaluate -3 - -6 - (27 - (-3 - -16)).
-11
8 - (-4 + -10 + 19)
3
Evaluate 274 - 280 - (1 - (-2 + (2 - 0))).
-7
What is 22 + (31 - 34) + 0 + 1?
20
What is the value of -21 + -6 + 11 + (-4 - (-13 + 6))?
-13
What is the value of (-10 - ((2 - -3 - 5) + -4)) + -3?
-9
What is the value of -24 - (1 - 22 - -10)?
-13
Evaluate (1 + -1 - (2 + 10 - 16)) + 0.
4
Calculate -17 + -4 - -38 - 30.
-13
Calculate (-13 - -2) + 5 + 9 + -5.
-2
What is the value of (-7 - 4 - 1 - -10 - 12) + 4?
-10
(-61 - (-2 - 29)) + 9
-21
Evaluate -2 - (30 + -16 - 5).
-11
What is (5 - 0) + 5 + 5 + -6?
9
What is the value of 256 + -256 - (0 + 7 + -1 + -1)?
-5
Evaluate 10 + -3 - (-2 - -5) - 18.
-14
Evaluate (-3 - -5) + (-3 + -3 - -1) + -1.
-4
-10 + 1 + 269 + -258
2
What is -7 + (10 - 14 - -10)?
-1
Evaluate -2 - -9 - (28 + -69 - -16).
32
What is -9 + 6 + (6 - 3) - 6?
-6
26 - (37 - 27 - -15)
1
22 - (62 + 1 + -28)
-13
Calculate (-65 + 25 - -32 - (0 + -10)) + -9.
-7
Evaluate -35 + 32 + (-4 - 1) - (-15 - 0).
7
-14 + 49 + -28 + 13
20
What is 2 - (-14 - -6 - -1) - 19?
-10
What is -24 - (-5 - (-13 - -13))?
-19
What is the value of (1 - -4) + (45 - 49) - 0?
1
Calculate 16 + 0 - (-770 + 756).
30
-49 + 42 + 17 - (28 + -1)
-17
What is (-1 - 7) + -2 + 18 + (107 - 123)?
-8
Evaluate 4 - (27 + -44 + -11).
32
Evaluate 3 + 5 - (0 + -13 - (81 + -85)).
17
31 + -29 - (0 - 4)
6
What is the value of -8 - ((21 - -19) + -24)?
-24
What is 144 + -190 - (-16 - 2)?
-28
What is 23 - (-23 - (-11 - 45)) - (-1 + 13)?
-22
-1 + 8 + (-15 - (2 + -6))
-4
3 + 6 + -1 + (-169 - -169)
8
Evaluate 1 + 1 + -54 - (-77 - -56).
-31
Evaluate -3 + 4 + (-132 - -79 - (-14 - 3)).
-35
What is the value of 10 - (-4 - -1 - (-2 + (-22 - -25)))?
14
Calculate (6 - 2) + (-1 - (-8 - -8 - -1)).
2
-13 - ((4 - 4) + (-49 - -40))
-4
What is 13 + -3 + 1 + -20?
-9
Evaluate (3 - -14 - 4 - 22) + 28.
19
What is the value of -96 - -35 - -47 - (0 + -16)?
2
-4 + 9 - 1 - (-6 - -8)
2
-2 - (4 + 3 + 7 + -33)
17
What is (6 - (6 + (-7 - -3))) + 12?
16
2 + -14 + 153 + -65 + -59
17
13 + -5 - (0 + 4) - (4 - -7)
-7
20 + (9 - 0 - (7 + 34 + -30))
18
Evaluate 17 - 3 - (-10 - (0 + -7)) - 2.
15
Evaluate -14 + (1 + 3 - 0) + 96 + -57.
29
Calculate -4 - (-10 + (-8 + 8 - -5)).
1
Calculate 5 + 24 + -23 - -11.
17
What is 20 - 22 - (1 - -7)?
-10
What is (8 - 7 - 8 - 10) + -9?
-26
Evaluate (-1 - -2) + (-5 - (10 - (0 + 17))).
3
What is the value of 1 + -16 - (83 + -90)?
-8
Evaluate 5 + -19 + 10 + -10 - 4.
-18
What is -57 - -75 - (-5 - -11)?
12
What is the value of (2 - (4 - (0 - -42))) + 95 + -100?
35
What is -1 + -3 - ((8 - 3) + (8 - 6))?
-11
Evaluate -28 - -7 - (36 + -46 - (-14 + -1)).
-26
3 + 1 - ((105 - 108) + -3 + 2)
8
10 - 27 - (-2 + -2 + -10)
-3
Calculate 13 + (65 - 69) - (-1 - 0 - -7).
3
What is (-3 - 2) + 4 - (-5 - (6 + 1))?
11
What is the value of (11 - 2) + 12 + -30 + -1?
-10
What is (-1 - 1) + 3 + -6 + -52 + 78?
21
What is -8 + 11 + -2 + 14 - 11?
4
Calculate -30 + (-1 - -3) - -10 - (2 + 3).
-23
What is the value of (10 - 5) + 30 + 22 + -33?
24
What is the value of -22 + 8 + -3 + -2 + 7?
-12
Evaluate -15 - (-24 + -6 + 23).
-8
What is the value of -2 - (11 - (-9 + 2 + 19))?
-1
What is the value of (9 - -35) + -22 - 41?
-19
What is 1 + (0 - 2) + 28 + -20 + -1?
6
Calculate 24 + (-12 - -21) + -48.
-15
What is 0 - (-5 + 2) - 1?
2
Calculate -11 + -3 + 18 + -15.
-11
What is (37 - 28) + (-10 - (1 - 1)) - 8?
-9
15 - (-2 + 4 - 2) - (-6 + 3)
18
Evaluate -5 + (6 - (-7 - -24 - -1)).
-17
What is (-18 - -35) + -6 - 13?
-2
What is -179 + 170 - (2 + -15)?
4
Calculate 0 + 14 + (20 + 2 + -12 - 19).
5
What is 76 - 47 - (4 + 8)?
17
What is 3 - (4 - (1 - 17))?
-17
What is 15 + -5 + 5 + 21 + -29?
7
-4 - (0 - (-10 + 6 + 4)) - 5
-9
Evaluate (0 - 1 - 9 - 2) + 6 + 0.
-6
Calculate 5 - (15 + (7 - (2 + 1 + 11))).
-3
What is the value of 2 + 5 + 1 + -4 - (0 + -2)?
6
Evaluate -8 + (20 - 20) + -5.
-13
((3 - 1) + -6 - (-8 + 13)) + 33
24
What is 1 - -2 - -1 - (14 + -18)?
8
What is the value of (1 - (-6 + -4)) + (5 - 10)?
6
Calculate 5 - (-14 - (0 + -9) - 13).
23
Evaluate (-9 - -6 - -2 - 13) + 6.
-8
What is (-467 - -460) + (-1 - -1 - -10) + 19?
22
Evaluate (2 - (-13 + 10 + 5)) + (28 - 2).
26
(15 - 14 - -7) + 5 + (-11 - -1)
3
What is 5 - (32 - (-17 + (0 - -11)))?
-33
What is the value of (-6 - -20 - 9) + 2?
7
Calculate (-67 - -95) + -53 + 2.
-23
What is (-2 + 6 + 3 - 9) + (3 - -3)?
4
What is the value of 25 + -21 - ((11 - -4) + 6 + -13)?
-4
What is the value of (-5 - (-5 + -7 + 6 + -2)) + -6?
-3
(21 - 18) + (-8 - 0) + 1 + -14
-18
What is (-2112 - -2147) + -4